{"id":2663,"date":"2025-05-28T11:42:48","date_gmt":"2025-05-28T09:42:48","guid":{"rendered":"https:\/\/www.ressourcerie-maurienne.fr\/?page_id=2663"},"modified":"2025-06-18T15:33:52","modified_gmt":"2025-06-18T13:33:52","slug":"charte-des-benevoles","status":"publish","type":"page","link":"https:\/\/www.ressourcerie-maurienne.fr\/index.php\/lassociation\/charte-des-benevoles\/","title":{"rendered":"Charte des b\u00e9n\u00e9voles de la Mauriennerie"},"content":{"rendered":"<div class=\"wpb-content-wrapper\"><p>[vc_row][vc_column][vc_column_text]Tout adh\u00e9rent ayant sign\u00e9 la Charte est consid\u00e9r\u00e9 comme b\u00e9n\u00e9vole.<\/p>\n<p>Cette \u00ab charte du b\u00e9n\u00e9vole de la Mauriennerie \u00bb est destin\u00e9e \u00e0 fixer les engagements moraux mutuels entre l\u2019association et ses b\u00e9n\u00e9voles. Elle est remise \u00e0 chaque b\u00e9n\u00e9vole lors de son arriv\u00e9e dans l\u2019association et sign\u00e9e par ce dernier.<\/p>\n<p>Le succ\u00e8s de l\u2019association ne peut \u00eatre assur\u00e9 que si les b\u00e9n\u00e9voles s\u2019y sentent bien et partagent les valeurs et les objectifs de l\u2019association.<\/p>\n<p>Les missions assur\u00e9es par les b\u00e9n\u00e9voles doivent \u00eatre valorisantes aussi bien pour eux que pour l\u2019association dans un climat de confiance mutuelle.<\/p>\n<p>Les b\u00e9n\u00e9voles ne sont ni tenus d\u2019accepter les missions qui leur sont propos\u00e9es et ni astreints \u00e0 des horaires et ne peuvent en aucun cas percevoir une r\u00e9mun\u00e9ration en \u00e9change de leur service. Seuls les frais occasionn\u00e9s par les missions assur\u00e9es par les b\u00e9n\u00e9voles peuvent \u00eatre rembours\u00e9s.[\/vc_column_text][vc_empty_space]<div id=\"ultimate-heading-101869e06d6347d76\" class=\"uvc-heading ult-adjust-bottom-margin ultimate-heading-101869e06d6347d76 uvc-6416  uvc-heading-default-font-sizes\" data-hspacer=\"no_spacer\"  data-halign=\"left\" style=\"text-align:left\"><div class=\"uvc-heading-spacer no_spacer\" style=\"top\"><\/div><div class=\"uvc-main-heading ult-responsive\"  data-ultimate-target='.uvc-heading.ultimate-heading-101869e06d6347d76 h2'  data-responsive-json-new='{\"font-size\":\"\",\"line-height\":\"\"}' ><h2 style=\"--font-weight:theme;\">1. Rappel des missions et finalit\u00e9s de l\u2019association<\/h2><\/div><div class=\"uvc-sub-heading ult-responsive\"  data-ultimate-target='.uvc-heading.ultimate-heading-101869e06d6347d76 .uvc-sub-heading '  data-responsive-json-new='{\"font-size\":\"\",\"line-height\":\"\"}'  style=\"font-weight:normal;\">L\u2019association est apolitique.<\/p>\n<p>Il est rappel\u00e9 que, aux termes des ses statuts, notre association a pour objectifs :<\/p>\n<ul>\n<li>D\u2019\u0153uvrer en faveur du d\u00e9veloppement durable et de la pr\u00e9servation de l\u2019environnement.<\/li>\n<li>De sensibiliser le grand public (enfants, jeunes, adultes) par l\u2019organisation d\u2019animations dans une d\u00e9marche d\u2019\u00e9ducation \u00e0 l\u2019environnement.<\/li>\n<li>De contribuer au lien social, de favoriser l\u2019inclusion et l\u2019\u00e9galit\u00e9 sociale et \u00e9conomique.<\/li>\n<li>De favoriser la rencontre entre les acteurs locaux en lien avec les objectifs de l\u2019association.<\/li>\n<\/ul>\n<p><\/div><\/div>[vc_empty_space]<div id=\"ultimate-heading-645169e06d6347dd0\" class=\"uvc-heading ult-adjust-bottom-margin ultimate-heading-645169e06d6347dd0 uvc-3966  uvc-heading-default-font-sizes\" data-hspacer=\"no_spacer\"  data-halign=\"left\" style=\"text-align:left\"><div class=\"uvc-heading-spacer no_spacer\" style=\"top\"><\/div><div class=\"uvc-main-heading ult-responsive\"  data-ultimate-target='.uvc-heading.ultimate-heading-645169e06d6347dd0 h2'  data-responsive-json-new='{\"font-size\":\"\",\"line-height\":\"\"}' ><h2 style=\"--font-weight:theme;\">2. Engagement de l\u2019association envers les b\u00e9n\u00e9voles<\/h2><\/div><div class=\"uvc-sub-heading ult-responsive\"  data-ultimate-target='.uvc-heading.ultimate-heading-645169e06d6347dd0 .uvc-sub-heading '  data-responsive-json-new='{\"font-size\":\"\",\"line-height\":\"\"}'  style=\"font-weight:normal;\">L\u2019association s\u2019engage envers ses b\u00e9n\u00e9voles \u00e0 :<\/p>\n<ul>\n<li>Accueillir tout nouveau b\u00e9n\u00e9vole, l\u2019informer des objectifs, des valeurs et du fonctionnement de l\u2019association.<\/li>\n<li>Proposer des missions de b\u00e9n\u00e9volat en ad\u00e9quation avec les comp\u00e9tences et les motivations de ses b\u00e9n\u00e9voles ; et tout cela avec bienveillance.<\/li>\n<li>Favoriser le travail d\u2019\u00e9quipe et contribuer au lien social entre les b\u00e9n\u00e9voles et les salari\u00e9s.<\/li>\n<li>Assurer la s\u00e9curit\u00e9 et le bien-\u00eatre de ses b\u00e9n\u00e9voles. Et lui garantir le couverture d\u2019une assurance Responsabilit\u00e9 Civile dans le cadre de ses missions.<\/li>\n<li>Inciter les b\u00e9n\u00e9voles \u00e0 respecter les r\u00e8gles d\u2019hygi\u00e8ne et de s\u00e9curit\u00e9 r\u00e9glementaire. L\u2019association fera de son mieux pour lui fournir le mat\u00e9riel n\u00e9cessaire.<\/li>\n<li>\u00catre transparent dans son fonctionnement.<\/li>\n<\/ul>\n<p>L\u2019association peut mettre fin \u00e0 une mission qu\u2019elle a confi\u00e9e \u00e0 un b\u00e9n\u00e9vole, mais elle est tenue de le faire de fa\u00e7on bienveillante, en fonction du contexte dans lequel cette suspension s\u2019op\u00e8re.<\/div><\/div>[vc_empty_space]<div id=\"ultimate-heading-182369e06d6347e02\" class=\"uvc-heading ult-adjust-bottom-margin ultimate-heading-182369e06d6347e02 uvc-9312  uvc-heading-default-font-sizes\" data-hspacer=\"no_spacer\"  data-halign=\"left\" style=\"text-align:left\"><div class=\"uvc-heading-spacer no_spacer\" style=\"top\"><\/div><div class=\"uvc-main-heading ult-responsive\"  data-ultimate-target='.uvc-heading.ultimate-heading-182369e06d6347e02 h2'  data-responsive-json-new='{\"font-size\":\"\",\"line-height\":\"\"}' ><h2 style=\"--font-weight:theme;\">3. Engagements des b\u00e9n\u00e9voles envers l\u2019association<\/h2><\/div><div class=\"uvc-sub-heading ult-responsive\"  data-ultimate-target='.uvc-heading.ultimate-heading-182369e06d6347e02 .uvc-sub-heading '  data-responsive-json-new='{\"font-size\":\"\",\"line-height\":\"\"}'  style=\"font-weight:normal;\">Les b\u00e9n\u00e9voles s\u2019engagent envers l\u2019association \u00e0 :<\/p>\n<ul>\n<li>\u00catre \u00e0 jour de leur cotisation.<\/li>\n<li>Adh\u00e9rer et \u0153uvrer aux valeurs et aux objectifs de l\u2019association.<\/li>\n<li>Lors de l\u2019ex\u00e9cution des missions, faire de leur mieux et placer les b\u00e9n\u00e9ficiaires des services au coeur de leurs pr\u00e9occupations.<\/li>\n<li>Ne pas utiliser l\u2019association au service de leur int\u00e9r\u00eat personnel.<\/li>\n<li>Favoriser le lien social entre les b\u00e9n\u00e9voles.<\/li>\n<li>Respecter les statuts et le r\u00e8glement int\u00e9rieur de l\u2019association et \u0153uvrer \u00e0 son fonctionnement et son organisation.<\/li>\n<li>Respecter une obligation de r\u00e9serve vis \u00e0 vis de toute personne fr\u00e9quentant les locaux. Le b\u00e9n\u00e9vole ne peut d\u00e9voiler des informations personnelles qu\u2019il aurait acquises dans l\u2019exercice de sa mission.<\/li>\n<\/ul>\n<p>Le b\u00e9n\u00e9vole peut mettre fin \u00e0 une mission que l\u2019association lui a confi\u00e9e mais doit, autant que faire se peut, le faire de fa\u00e7on bienveillante vis \u00e0 vis de l\u2019association.<\/div><\/div>[vc_empty_space][\/vc_column][\/vc_row][vc_row][vc_column width=\u00a0\u00bb1\/2&Prime;][vc_btn title=\u00a0\u00bbT\u00e9l\u00e9charger la Charte au format pdf\u00a0\u00bb color=\u00a0\u00bbgreen\u00a0\u00bb css=\u00a0\u00bb\u00a0\u00bb link=\u00a0\u00bburl:https%3A%2F%2Fwww.ressourcerie-maurienne.fr%2Fwp-content%2Fuploads%2F2025%2F06%2Fcharte-Mauriennerie-04-2025-.pdf|target:_blank\u00a0\u00bb][\/vc_column][vc_column width=\u00a0\u00bb1\/2&Prime;][vc_column_text css=\u00a0\u00bb\u00a0\u00bb]<\/p>\n<p style=\"text-align: right;\"><em>La Mauriennerie &#8211; Charte des b\u00e9n\u00e9voles &#8211; Avril 2025<\/em><\/p>\n<p>[\/vc_column_text][\/vc_column][\/vc_row]<\/p>\n<\/div>","protected":false},"excerpt":{"rendered":"<p>[vc_row][vc_column][vc_column_text]Tout adh\u00e9rent ayant sign\u00e9 la Charte est consid\u00e9r\u00e9 comme b\u00e9n\u00e9vole. Cette \u00ab charte du b\u00e9n\u00e9vole de la Mauriennerie \u00bb est destin\u00e9e \u00e0 fixer les engagements moraux mutuels entre l\u2019association et ses b\u00e9n\u00e9voles. Elle est remise \u00e0 chaque b\u00e9n\u00e9vole lors de son arriv\u00e9e dans l\u2019association et sign\u00e9e par ce dernier. Le succ\u00e8s de l\u2019association ne peut&hellip;<\/p>\n","protected":false},"author":1,"featured_media":0,"parent":2113,"menu_order":6,"comment_status":"closed","ping_status":"closed","template":"","meta":{"_acf_changed":false,"footnotes":""},"class_list":["post-2663","page","type-page","status-publish","hentry","description-off"],"acf":[],"yoast_head":"<!-- This site is optimized with the Yoast SEO plugin v27.4 - https:\/\/yoast.com\/product\/yoast-seo-wordpress\/ -->\n<title>Charte des b\u00e9n\u00e9voles de la Mauriennerie - Ressourcerie de Maurienne<\/title>\n<meta name=\"robots\" content=\"index, follow, max-snippet:-1, max-image-preview:large, max-video-preview:-1\" \/>\n<link rel=\"canonical\" href=\"https:\/\/www.ressourcerie-maurienne.fr\/index.php\/lassociation\/charte-des-benevoles\/\" \/>\n<meta property=\"og:locale\" content=\"fr_FR\" \/>\n<meta property=\"og:type\" content=\"article\" \/>\n<meta property=\"og:title\" content=\"Charte des b\u00e9n\u00e9voles de la Mauriennerie - Ressourcerie de Maurienne\" \/>\n<meta property=\"og:description\" content=\"[vc_row][vc_column][vc_column_text]Tout adh\u00e9rent ayant sign\u00e9 la Charte est consid\u00e9r\u00e9 comme b\u00e9n\u00e9vole. Cette \u00ab charte du b\u00e9n\u00e9vole de la Mauriennerie \u00bb est destin\u00e9e \u00e0 fixer les engagements moraux mutuels entre l\u2019association et ses b\u00e9n\u00e9voles. Elle est remise \u00e0 chaque b\u00e9n\u00e9vole lors de son arriv\u00e9e dans l\u2019association et sign\u00e9e par ce dernier. Le succ\u00e8s de l\u2019association ne peut&hellip;\" \/>\n<meta property=\"og:url\" content=\"https:\/\/www.ressourcerie-maurienne.fr\/index.php\/lassociation\/charte-des-benevoles\/\" \/>\n<meta property=\"og:site_name\" content=\"Ressourcerie de Maurienne\" \/>\n<meta property=\"article:publisher\" content=\"https:\/\/www.facebook.com\/profile.php?id=61557421958964\" \/>\n<meta property=\"article:modified_time\" content=\"2025-06-18T13:33:52+00:00\" \/>\n<meta name=\"twitter:card\" content=\"summary_large_image\" \/>\n<meta name=\"twitter:label1\" content=\"Dur\u00e9e de lecture estim\u00e9e\" \/>\n\t<meta name=\"twitter:data1\" content=\"4 minutes\" \/>\n<script type=\"application\/ld+json\" class=\"yoast-schema-graph\">{\"@context\":\"https:\\\/\\\/schema.org\",\"@graph\":[{\"@type\":\"WebPage\",\"@id\":\"https:\\\/\\\/www.ressourcerie-maurienne.fr\\\/index.php\\\/lassociation\\\/charte-des-benevoles\\\/\",\"url\":\"https:\\\/\\\/www.ressourcerie-maurienne.fr\\\/index.php\\\/lassociation\\\/charte-des-benevoles\\\/\",\"name\":\"Charte des b\u00e9n\u00e9voles de la Mauriennerie - Ressourcerie de Maurienne\",\"isPartOf\":{\"@id\":\"https:\\\/\\\/www.ressourcerie-maurienne.fr\\\/#website\"},\"datePublished\":\"2025-05-28T09:42:48+00:00\",\"dateModified\":\"2025-06-18T13:33:52+00:00\",\"breadcrumb\":{\"@id\":\"https:\\\/\\\/www.ressourcerie-maurienne.fr\\\/index.php\\\/lassociation\\\/charte-des-benevoles\\\/#breadcrumb\"},\"inLanguage\":\"fr-FR\",\"potentialAction\":[{\"@type\":\"ReadAction\",\"target\":[\"https:\\\/\\\/www.ressourcerie-maurienne.fr\\\/index.php\\\/lassociation\\\/charte-des-benevoles\\\/\"]}]},{\"@type\":\"BreadcrumbList\",\"@id\":\"https:\\\/\\\/www.ressourcerie-maurienne.fr\\\/index.php\\\/lassociation\\\/charte-des-benevoles\\\/#breadcrumb\",\"itemListElement\":[{\"@type\":\"ListItem\",\"position\":1,\"name\":\"Accueil\",\"item\":\"https:\\\/\\\/www.ressourcerie-maurienne.fr\\\/\"},{\"@type\":\"ListItem\",\"position\":2,\"name\":\"L&rsquo;association la Mauriennerie\",\"item\":\"https:\\\/\\\/www.ressourcerie-maurienne.fr\\\/index.php\\\/lassociation\\\/\"},{\"@type\":\"ListItem\",\"position\":3,\"name\":\"Charte des b\u00e9n\u00e9voles de la Mauriennerie\"}]},{\"@type\":\"WebSite\",\"@id\":\"https:\\\/\\\/www.ressourcerie-maurienne.fr\\\/#website\",\"url\":\"https:\\\/\\\/www.ressourcerie-maurienne.fr\\\/\",\"name\":\"Ressourcerie de Maurienne\",\"description\":\"La Perle des Bennes\",\"publisher\":{\"@id\":\"https:\\\/\\\/www.ressourcerie-maurienne.fr\\\/#organization\"},\"potentialAction\":[{\"@type\":\"SearchAction\",\"target\":{\"@type\":\"EntryPoint\",\"urlTemplate\":\"https:\\\/\\\/www.ressourcerie-maurienne.fr\\\/?s={search_term_string}\"},\"query-input\":{\"@type\":\"PropertyValueSpecification\",\"valueRequired\":true,\"valueName\":\"search_term_string\"}}],\"inLanguage\":\"fr-FR\"},{\"@type\":\"Organization\",\"@id\":\"https:\\\/\\\/www.ressourcerie-maurienne.fr\\\/#organization\",\"name\":\"Ressourcerie de Maurienne\",\"url\":\"https:\\\/\\\/www.ressourcerie-maurienne.fr\\\/\",\"logo\":{\"@type\":\"ImageObject\",\"inLanguage\":\"fr-FR\",\"@id\":\"https:\\\/\\\/www.ressourcerie-maurienne.fr\\\/#\\\/schema\\\/logo\\\/image\\\/\",\"url\":\"https:\\\/\\\/www.ressourcerie-maurienne.fr\\\/wp-content\\\/uploads\\\/2025\\\/05\\\/logo-ressourcerie-HD.png\",\"contentUrl\":\"https:\\\/\\\/www.ressourcerie-maurienne.fr\\\/wp-content\\\/uploads\\\/2025\\\/05\\\/logo-ressourcerie-HD.png\",\"width\":1500,\"height\":672,\"caption\":\"Ressourcerie de Maurienne\"},\"image\":{\"@id\":\"https:\\\/\\\/www.ressourcerie-maurienne.fr\\\/#\\\/schema\\\/logo\\\/image\\\/\"},\"sameAs\":[\"https:\\\/\\\/www.facebook.com\\\/profile.php?id=61557421958964\"]}]}<\/script>\n<!-- \/ Yoast SEO plugin. -->","yoast_head_json":{"title":"Charte des b\u00e9n\u00e9voles de la Mauriennerie - Ressourcerie de Maurienne","robots":{"index":"index","follow":"follow","max-snippet":"max-snippet:-1","max-image-preview":"max-image-preview:large","max-video-preview":"max-video-preview:-1"},"canonical":"https:\/\/www.ressourcerie-maurienne.fr\/index.php\/lassociation\/charte-des-benevoles\/","og_locale":"fr_FR","og_type":"article","og_title":"Charte des b\u00e9n\u00e9voles de la Mauriennerie - Ressourcerie de Maurienne","og_description":"[vc_row][vc_column][vc_column_text]Tout adh\u00e9rent ayant sign\u00e9 la Charte est consid\u00e9r\u00e9 comme b\u00e9n\u00e9vole. Cette \u00ab charte du b\u00e9n\u00e9vole de la Mauriennerie \u00bb est destin\u00e9e \u00e0 fixer les engagements moraux mutuels entre l\u2019association et ses b\u00e9n\u00e9voles. Elle est remise \u00e0 chaque b\u00e9n\u00e9vole lors de son arriv\u00e9e dans l\u2019association et sign\u00e9e par ce dernier. Le succ\u00e8s de l\u2019association ne peut&hellip;","og_url":"https:\/\/www.ressourcerie-maurienne.fr\/index.php\/lassociation\/charte-des-benevoles\/","og_site_name":"Ressourcerie de Maurienne","article_publisher":"https:\/\/www.facebook.com\/profile.php?id=61557421958964","article_modified_time":"2025-06-18T13:33:52+00:00","twitter_card":"summary_large_image","twitter_misc":{"Dur\u00e9e de lecture estim\u00e9e":"4 minutes"},"schema":{"@context":"https:\/\/schema.org","@graph":[{"@type":"WebPage","@id":"https:\/\/www.ressourcerie-maurienne.fr\/index.php\/lassociation\/charte-des-benevoles\/","url":"https:\/\/www.ressourcerie-maurienne.fr\/index.php\/lassociation\/charte-des-benevoles\/","name":"Charte des b\u00e9n\u00e9voles de la Mauriennerie - Ressourcerie de Maurienne","isPartOf":{"@id":"https:\/\/www.ressourcerie-maurienne.fr\/#website"},"datePublished":"2025-05-28T09:42:48+00:00","dateModified":"2025-06-18T13:33:52+00:00","breadcrumb":{"@id":"https:\/\/www.ressourcerie-maurienne.fr\/index.php\/lassociation\/charte-des-benevoles\/#breadcrumb"},"inLanguage":"fr-FR","potentialAction":[{"@type":"ReadAction","target":["https:\/\/www.ressourcerie-maurienne.fr\/index.php\/lassociation\/charte-des-benevoles\/"]}]},{"@type":"BreadcrumbList","@id":"https:\/\/www.ressourcerie-maurienne.fr\/index.php\/lassociation\/charte-des-benevoles\/#breadcrumb","itemListElement":[{"@type":"ListItem","position":1,"name":"Accueil","item":"https:\/\/www.ressourcerie-maurienne.fr\/"},{"@type":"ListItem","position":2,"name":"L&rsquo;association la Mauriennerie","item":"https:\/\/www.ressourcerie-maurienne.fr\/index.php\/lassociation\/"},{"@type":"ListItem","position":3,"name":"Charte des b\u00e9n\u00e9voles de la Mauriennerie"}]},{"@type":"WebSite","@id":"https:\/\/www.ressourcerie-maurienne.fr\/#website","url":"https:\/\/www.ressourcerie-maurienne.fr\/","name":"Ressourcerie de Maurienne","description":"La Perle des Bennes","publisher":{"@id":"https:\/\/www.ressourcerie-maurienne.fr\/#organization"},"potentialAction":[{"@type":"SearchAction","target":{"@type":"EntryPoint","urlTemplate":"https:\/\/www.ressourcerie-maurienne.fr\/?s={search_term_string}"},"query-input":{"@type":"PropertyValueSpecification","valueRequired":true,"valueName":"search_term_string"}}],"inLanguage":"fr-FR"},{"@type":"Organization","@id":"https:\/\/www.ressourcerie-maurienne.fr\/#organization","name":"Ressourcerie de Maurienne","url":"https:\/\/www.ressourcerie-maurienne.fr\/","logo":{"@type":"ImageObject","inLanguage":"fr-FR","@id":"https:\/\/www.ressourcerie-maurienne.fr\/#\/schema\/logo\/image\/","url":"https:\/\/www.ressourcerie-maurienne.fr\/wp-content\/uploads\/2025\/05\/logo-ressourcerie-HD.png","contentUrl":"https:\/\/www.ressourcerie-maurienne.fr\/wp-content\/uploads\/2025\/05\/logo-ressourcerie-HD.png","width":1500,"height":672,"caption":"Ressourcerie de Maurienne"},"image":{"@id":"https:\/\/www.ressourcerie-maurienne.fr\/#\/schema\/logo\/image\/"},"sameAs":["https:\/\/www.facebook.com\/profile.php?id=61557421958964"]}]}},"_links":{"self":[{"href":"https:\/\/www.ressourcerie-maurienne.fr\/index.php\/wp-json\/wp\/v2\/pages\/2663","targetHints":{"allow":["GET"]}}],"collection":[{"href":"https:\/\/www.ressourcerie-maurienne.fr\/index.php\/wp-json\/wp\/v2\/pages"}],"about":[{"href":"https:\/\/www.ressourcerie-maurienne.fr\/index.php\/wp-json\/wp\/v2\/types\/page"}],"author":[{"embeddable":true,"href":"https:\/\/www.ressourcerie-maurienne.fr\/index.php\/wp-json\/wp\/v2\/users\/1"}],"replies":[{"embeddable":true,"href":"https:\/\/www.ressourcerie-maurienne.fr\/index.php\/wp-json\/wp\/v2\/comments?post=2663"}],"version-history":[{"count":24,"href":"https:\/\/www.ressourcerie-maurienne.fr\/index.php\/wp-json\/wp\/v2\/pages\/2663\/revisions"}],"predecessor-version":[{"id":2732,"href":"https:\/\/www.ressourcerie-maurienne.fr\/index.php\/wp-json\/wp\/v2\/pages\/2663\/revisions\/2732"}],"up":[{"embeddable":true,"href":"https:\/\/www.ressourcerie-maurienne.fr\/index.php\/wp-json\/wp\/v2\/pages\/2113"}],"wp:attachment":[{"href":"https:\/\/www.ressourcerie-maurienne.fr\/index.php\/wp-json\/wp\/v2\/media?parent=2663"}],"curies":[{"name":"wp","href":"https:\/\/api.w.org\/{rel}","templated":true}]}}